t common factor of 594663 and 3.
3
Calculate the highest common factor of 30330 and 80.
10
What is the highest common factor of 19 and 18563?
19
Calculate the highest common factor of 51 and 32844.
51
What is the greatest common factor of 69 and 195592?
23
Calculate the highest common factor of 26167 and 4384.
137
Calculate the highest common factor of 39624 and 150.
6
What is the highest common factor of 37888 and 959040?
2368
Calculate the greatest common factor of 4480 and 612640.
1120
Calculate the highest common divisor of 294 and 35966.
98
What is the greatest common factor of 558 and 587202?
186
Calculate the greatest common divisor of 160 and 237080.
40
Calculate the greatest common divisor of 2875 and 4715.
115
Calculate the greatest common divisor of 625970 and 20.
10
What is the greatest common factor of 5016 and 288?
24
Calculate the greatest common divisor of 81 and 4383.
9
What is the highest common divisor of 224634 and 696?
174
Calculate the greatest common divisor of 861 and 30709.
287
What is the greatest common factor of 69272 and 224?
56
Calculate the greatest common factor of 3959 and 14017.
107
Calculate the greatest common factor of 11299680 and 144.
144
What is the highest common factor of 13 and 89219?
13
Calculate the highest common factor of 516 and 309858.
258
Calculate the highest common divisor of 5504 and 18275.
43
Calculate the greatest common factor of 12311959 and 11.
11
Calculate the greatest common factor of 136 and 1332698.
34
Calculate the greatest common factor of 147 and 924.
21
What is the highest common divisor of 156 and 10092?
12
Calculate the greatest common factor of 301 and 18920.
43
What is the highest common factor of 1661483 and 1002?
167
Calculate the greatest common factor of 4123 and 196973.
133
Calculate the highest common factor of 4510 and 239440.
410
What is the greatest common divisor of 57581 and 105430?
811
What is the highest common factor of 358378 and 19?
19
Calculate the greatest common divisor of 86130 and 319.
319
Calculate the highest common factor of 1774324 and 4304.
1076
Calculate the highest common factor of 7820 and 920.
460
Calculate the highest common divisor of 2786865 and 3540.
885
What is the highest common divisor of 450 and 34704?
18
What is the greatest common factor of 62840 and 110?
10
Calculate the highest common divisor of 874 and 22762.
38
What is the highest common factor of 1788 and 468?
12
What is the greatest common factor of 304 and 1837072?
304
What is the highest common divisor of 52 and 7748?
52
Calculate the greatest common factor of 60253 and 10832.
677
What is the highest common factor of 470 and 509198?
94
What is the greatest common factor of 30 and 358485?
15
What is the highest common divisor of 343 and 508669?
343
What is the highest common divisor of 351 and 655824?
39
Calculate the greatest common divisor of 9488 and 783946.
1186
Calculate the highest common divisor of 110 and 2935922.
22
What is the highest common divisor of 7640051 and 393?
131
Calculate the highest common divisor of 45 and 30708.
9
What is the highest common factor of 1661790 and 30?
30
What is the highest common divisor of 9658 and 130822?
878
Calculate the greatest common factor of 639390 and 30.
30
Calculate the highest common divisor of 79230 and 30.
30
What is the greatest common divisor of 2832 and 5808?
48
What is the highest common factor of 52 and 4230967?
13
Calculate the greatest common divisor of 15870 and 13754.
1058
Calculate the greatest common divisor of 13 and 256243.
13
What is the greatest common divisor of 17 and 51391?
17
Calculate the greatest common factor of 95088 and 1036.
28
Calculate the highest common factor of 168699 and 477.
159
What is the greatest common factor of 18206 and 2?
2
What is the greatest common factor of 68637 and 120?
3
What is the greatest common factor of 110 and 7265?
5
What is the greatest common divisor of 1443 and 184593?
111
Calculate the highest common factor of 749631 and 237.
237
Calculate the greatest common divisor of 9450 and 7035.
105
Calculate the highest common factor of 1664 and 10496.
128
What is the greatest common factor of 264 and 37048?
88
What is the highest common factor of 3743 and 14578?
197
Calculate the greatest common factor of 5 and 635.
5
Calculate the greatest common divisor of 1221 and 3056163.
1221
Calculate the highest common factor of 78 and 115986.
78
What is the greatest common divisor of 825 and 17985?
165
Calculate the greatest common divisor of 12240 and 8.
8
What is the greatest common divisor of 124360 and 400?
40
What is the greatest common factor of 992 and 23968?
32
Calculate the highest common factor of 998 and 1356.
2
What is the greatest common factor of 4379 and 11325?
151
What is the highest common divisor of 12100 and 22440?
220
What is the highest common divisor of 210 and 1875930?
210
Calculate the greatest common factor of 1349 and 26483.
71
Calculate the highest common factor of 74 and 403226.
74
Calculate the highest common factor of 11648 and 15064.
56
Calculate the highest common factor of 472293 and 1082.
541
Calculate the greatest common divisor of 73623 and 97.
97
What is the greatest common factor of 3670 and 1130?
10
Calculate the greatest common factor of 14464 and 89044.
452
What is the highest common factor of 2 and 73354?
2
Calculate the greatest common factor of 33337 and 1989.
17
Calculate the greatest common factor of 59740 and 116.
116
Calculate the highest common factor of 15258 and 132.
6
Calculate the greatest common factor of 3233849 and 1858.
929
Calculate the highest common divisor of 1374281 and 29.
29
What is the greatest common factor of 71130 and 50?
10
Calculate the highest common divisor of 63 and 38829.
21
Calculate the highest common factor of 624 and 1536.
48
What is the greatest common divisor of 2540 and 19960?
20
Calculate the highest common factor of 10055 and 360.
5
Calculate the greatest common divisor of 36567 and 1683.
153
Calculate the highest common factor of 378 and 40446.
378
What is the greatest common factor of 123 and 33989?
41
Calculate the highest common factor of 300 and 1203780.
60
What is the highest common divisor of 280 and 2744?
56
What is the greatest common factor of 3 and 5875?
1
What is the highest common factor of 115152 and 736?
16
What is the highest common divisor of 700 and 20600?
100
What is the greatest common factor of 75468 and 25308?
228
What is the greatest common factor of 940 and 8?
4
Calculate the greatest common divisor of 9612 and 3738.
534
What is the highest common divisor of 46842 and 1554?
222
What is the greatest common divisor of 475 and 551?
19
Calculate the highest common divisor of 8 and 671380.
4
Calculate the highest common divisor of 10285 and 527.
17
What is the greatest common factor of 5008 and 9488?
16
What is the highest common divisor of 176 and 28052?
4
Calculate the greatest common divisor of 167965 and 70.
35
Calculate the greatest common divisor of 2160 and 1252080.
720
What is the highest common factor of 4025 and 259693?
161
What is the highest common factor of 10390 and 160?
10
Calculate the greatest common factor of 350946 and 20502.
1206
What is the greatest common divisor of 69012 and 3124?
284
What is the highest common divisor of 14 and 35592?
2
Calculate the greatest common divisor of 6075 and 41904.
27
Calculate the greatest common factor of 54 and 3413484.
18
What is the greatest common divisor of 81247 and 339?
113
What is the greatest common factor of 365 and 181405?
365
What is the greatest common divisor of 6300 and 71316?
252
Calculate the greatest common factor of 939136 and 3680.
736
What is the greatest common divisor of 136037 and 745?
149
Calculate the greatest common factor of 275 and 88495.
55
Calculate the greatest common divisor of 38 and 1499613.
19
Calculate the highest common divisor of 3033 and 10784.
337
Calculate the greatest common factor of 773890 and 130.
130
What is the highest common divisor of 2706912 and 1755?
351
Calculate the highest common divisor of 339716 and 94.
94
What is the greatest common factor of 1664 and 26000?
208
Calculate the highest common factor of 1092 and 285684.
84
Calculate the highest common factor of 4374 and 432.